 10*m**2 + 2*m - 1. What is the tens digit of b(z)?
5
Suppose 2*p + 8*k = 3*k - 233, 0 = 5*p - 2*k + 626. Let i = 138 - p. What is the tens digit of i?
6
Suppose 52 - 244 = -4*j. Let r be (-3 + -1 + 2)*(-2 + 19). Let l = j + r. What is the units digit of l?
4
Suppose 3*l + 2*k = 53650, -l = -18*k + 16*k - 17870. What is the ten thousands digit of l?
1
Let y(h) = h**3 - h**2 - 7*h + 5. Let d = -52 + 55. Let i be y(d). What is the units digit of (i/(-3))/((-4)/30)?
5
Let i = 134 + -130. Suppose 5*x = -i + 24. Suppose -x*l + 5*b = -613, -2*l + 272 = b - 45. What is the units digit of l?
7
What is the ten thousands digit of (-588)/210 + 608258/35?
1
Let i(h) = -h**2 + 3*h + 4. Let p be i(3). Suppose 3*m + 281 = s, -s - p*m - 115 = -375. Suppose -3*y = -7*y + s. What is the tens digit of y?
6
Let f be 1/6 - 26005/(-30). Let u = f - 414. What is the tens digit of u?
5
Let i(z) = -1 - 11 - 8 + 8*z + 9*z. What is the tens digit of i(7)?
9
Let p(n) = -2*n**3 + 2*n**2 + 2*n - 53. Let w be p(0). Let f = 51 + w. What is the units digit of 3/f*(5 + (-805)/21)?
0
Suppose 5*z - c - 5861 - 4253 = 0, 10122 = 5*z - 3*c. What is the hundreds digit of z?
0
Let a(n) = n**2 + 7*n - 10. Let m be a(-31). What is the tens digit of -1 + -1 + (m - -29)?
6
What is the tens digit of (-270538)/(-8) + (-4)/16 + (-4 - -11)?
2
Suppose -q + 14 = 4. Let d(i) = 124*i - q + 12*i**2 - 65*i - 4*i**3 + 3*i**3 - 63*i. What is the hundreds digit of d(10)?
1
Let q(l) = -263*l + 253. What is the tens digit of q(-7)?
9
Suppose -104*h + 66*h = -186162. What is the thousands digit of h?
4
Suppose 4*a - 4 = 0, 3*t - 4*a = -3*a + 29534. What is the thousands digit of t?
9
Let z be 1 + ((-2)/(-3))/((-4)/(-6)). Let i be z*1*-2 + (-11 - -336). Suppose -3*f - 3*o + 198 = 0, -4*f = f - 4*o - i. What is the tens digit of f?
6
Let d(v) = 6*v**2 - 4*v + 4. Let l be d(2). Suppose -16*b = -17*b + l. What is the tens digit of b?
2
Let s(g) = -3*g - 6. Let r be s(2). What is the units digit of ((-1635)/(-12))/(3/(r/(-1)))?
5
Suppose 2*z - 53876 = -3*g, 4*z + 17954 = -19*g + 20*g. What is the tens digit of g?
5
Let s(v) = -457*v + 6 + 14 + 454*v. Let k be s(3). Suppose 12*t = k*t + 131. What is the hundreds digit of t?
1
Suppose -113*b = -83*b + 88*b - 4259092. What is the hundreds digit of b?
0
Let h be ((-2)/(-7))/(63/10143). Suppose h*m + 80 = 51*m. What is the units digit of m?
6
Let i(n) = 3*n**3 - 12*n**2 + 21*n - 23. Let c(h) = h**3 - 4*h**2 + 7*h - 8. Let p(t) = -8*c(t) + 3*i(t). Let s = -806 + 811. What is the tens digit of p(s)?
5
Let z = -143 + 150. What is the hundreds digit of ((-1486)/z)/((-16)/56)?
7
Let t be 1*4/(-3)*(-9)/6. What is the tens digit of 1/t*7*34?
1
Let r(z) = -1503*z + 10109. What is the hundreds digit of r(-33)?
7
Let g be (3 - 22/6)*(-150)/(-4). What is the hundreds digit of (-8)/((-24)/(-675))*20/g?
1
Suppose 4*r - 5*w = 60096, -r = -2*w - 7699 - 7328. What is the hundreds digit of r?
0
What is the hundreds digit of (-1)/((-8488)/(-14150) + (-81)/135)?
0
Let u = 471 + -2129. What is the hundreds digit of (-19)/(152/(-16))*u/(-4)?
8
Let w = 3977 + -3752. What is the hundreds digit of w?
2
Suppose 71*c + 5987 = 378. Let p be (7/(-3))/((-1)/(-24)). Let t = p - c. What is the tens digit of t?
2
Let z = 7086 - -10491. What is the units digit of z?
7
Let k = 19839 - 11444. What is the tens digit of k?
9
Let z(x) = -2*x - 3. Let a be z(-5). Let d(o) = -o - 12*o**2 + 6*o**2 - 29 - 4*o + 24 - 2*o**3 + 3*o**3. What is the units digit of d(a)?
9
Suppose -4857 = -2*j + 3*i, 2*j + 25*i = 21*i + 4822. What is the units digit of j?
1
Let m be 3/(1 - 0)*2. Suppose m*t = -2*t + 32. Suppose t*d = 6*d - 60. What is the tens digit of d?
3
Let j(g) = -3*g**3 - 2*g**2 - 3*g - 5. Let h be (-2 + (-33)/6)*-28. Let o be h/(-98) + (-1)/(-7). What is the units digit of j(o)?
7
Let f = -181 - -198. Suppose -f*l + 318 = -16*l. What is the hundreds digit of l?
3
Suppose 265484 = 86*n - 55*n. What is the thousands digit of n?
8
Suppose 5*n - 2*n + 4*o - 18820 = 0, 2*o + 31410 = 5*n. What is the units digit of (-3)/(-7) + (n/14 - -8)?
7
Let q be 3/((-15)/10 - 6/(-2)). Let k(s) = -4 + 0 - 16*s + 30*s**q - 10 - 31*s**2. What is the units digit of k(-8)?
0
Let y be 1188/(-154) - (1 - 5/7). What is the units digit of 1/y - (-31920)/384?
3
Let u be (-6)/(-2) - 1017/3. Let b = 483 + u. Let w = -65 + b. What is the tens digit of w?
8
Let a(k) = -k**3 - 4*k**2 - 6*k - 22. Let r be a(-4). What is the hundreds digit of 143 - (-2 - r - -2)?
1
Let u(j) be the first derivative of 13*j**4/6 - j**3/6 + 2*j**2 + 7*j - 6. Let t(o) be the first derivative of u(o). What is the units digit of t(-2)?
0
Suppose 0 = 6*g + 24747 - 191001. What is the hundreds digit of g?
7
Let q = 4897 - 3029. Suppose -5*h = -3*z - 2335, -4*h - 11*z = -16*z - q. What is the tens digit of h?
6
Let y(q) = q - 2. Let n be 5 - ((-2)/8 - 104/(-32)). Let g be 2/((-3*2/(-36))/n). What is the units digit of y(g)?
2
Let l = 2680 - 1868. Suppose -5*b - 554 = -p + 470, 0 = -4*b - p - l. Let a = b - -345. What is the tens digit of a?
4
Let v(f) = 7605*f**2 - 15*f + 5. What is the hundreds digit of v(1)?
5
Suppose -39*k - 18858 = -60*k. Let r = k + -523. What is the hundreds digit of r?
3
Let c(y) = -y**3 - 11*y**2 - 12*y + 13. Let r(z) = 6 + 0 + z - 6. Let n(m) = -c(m) - 3*r(m). What is the hundreds digit of n(-7)?
1
Suppose 8*d = 5*d + 5*d - 45916. What is the tens digit of d?
5
Let r be -1 + -57 - (-3 + 4). Let b be (-56)/60*-6*1125/(-50). Let x = r - b. What is the units digit of x?
7
Suppose 4*h + 422 = 6*h. Suppose 0 = -n + 4*z + h, 2*n + 3*n - 1037 = 2*z. Suppose b + 2*b = n. What is the units digit of b?
9
Let p(r) = r**2 - r. Let m be p(-2). Let w(n) = n**2 + 7*n - 21. Let a be w(m). Let b = -15 + a. What is the tens digit of b?
4
Let d = -153 - -242. Let p = d + 313. What is the tens digit of p?
0
Suppose -4*c - 11 + 15 = 0. Let r = -2 + 2. What is the tens digit of 202 + r + 2/2 + c?
0
Let z = 11794 + -1115. What is the tens digit of z?
7
What is the thousands digit of (-4 - 1694/4)/(0 - 30/1120)?
5
Let d = -825 + 805. Let p = 4 + 3. What is the hundreds digit of -3*(p - 1)*d/3?
1
What is the hundreds digit of -7*2/(-7)*2752?
5
What is the tens digit of 5643 - 11/(-11) - 6?
3
Suppose -7*w = 6*w - 102401. Suppose 0 = -10*s + w + 2043. What is the units digit of s?
2
Let n = -13693 - -28633. What is the tens digit of n?
4
Let b = -10840 + 28249. What is the tens digit of b?
0
Let u = 53 + -51. Suppose 0*a - l + 14 = u*a, 5*a + l = 35. What is the units digit of a/((-63)/(-114)) + (-2)/(-6)?
3
Suppose 0 - 16 = -2*v. Suppose v*b - 29 = 3*b + 2*p, -5*p + 8 = -b. Suppose 0 = b*q - 5*q - 174. What is the tens digit of q?
8
What is the tens digit of -10 - (3 + 12424/(-8))?
4
Let f(a) = -a**3 - 7*a**2 + 10*a + 20. Let o be f(-8). Suppose 2*u + 388 = n - 108, -o*u - 1478 = -3*n. Let r = n + -336. What is the units digit of r?
0
Let n(m) = -m**2 + 7*m + 32. Let f be n(10). Suppose f*x = -3*x + 75. Suppose -4*a + 3*a + 89 = -5*y, 3*y = -x. What is the units digit of a?
4
Let c = 42 + 132. Let z = -1963 - -1963. Suppose 3*g + c - 654 = z. What is the hundreds digit of g?
1
Let x be 2/(-6)*(-7 - 38)/(-3). What is the hundreds digit of 181 + x/((-10)/(-4))?
1
Let n = 1484 + -1042. Suppose 2*b + 110 = -n. Let v = b + 395. What is the hundreds digit of v?
1
Suppose -3*z = -2*o - 2157, 228 = 5*z + 2*o - 3351. What is the tens digit of z?
1
What is the tens digit of ((-11 + 15941)/(-10))/(-1)?
9
Let g(c) = -106*c - 10. Let o be g(-8). Let z(f) = 839*f + 4 - o*f - 2 + 54*f**2. What is the tens digit of z(-1)?
5
Suppose 388129 + 1699376 = 63*r. What is the tens digit of r?
3
Let s(t) = t**3 + 21*t**2 + 20*t - 1. Let k be s(-20). Let z(u) be the second derivative of -83*u**5/20 + u**4/6 + u**3/3 + u. What is the tens digit of z(k)?
8
Suppose 886 = p - 2*u + 196, 0 = -2*p - 2*u + 1362. Let z = 340 + p. What is the hundreds digit of z?
0
Let c(g) = -g**2 - 23*g - 20. Let w be c(-24). Let m = -317 - w. Let f = -17 - m. What is the units digit of f?
6
Suppose 76*u = 109*u - 881463. What is the tens digit of u?
1
Suppose 3*v - 149 = -140, 0 = 3*i - 5*v - 4482. What is the tens digit of i?
9
Let k(t) = t**3 - 14*t**2 + 15*t - 14. Let b(j) = 7*j + 6. Let l be b(1). Let 